 and f?
19
Let k be (-111)/1*(-1)/1 + -6. Calculate the highest common divisor of k and 210.
105
Let w be 515/(-5) - (-4 - -2). Let g = 209 + w. What is the greatest common factor of 27 and g?
27
Let n = -790 - -886. What is the highest common divisor of 12 and n?
12
Let j = 24 - 4. Let m = -1 + 3. Suppose 4*h = -3*y + j, 0 = 5*h - m*y - 43 - 5. What is the highest common factor of 32 and h?
8
Suppose 1797 = 20*q - 1063. What is the highest common factor of q and 52?
13
Let q(g) = -g**3 + 16*g**2 + 21*g - 20. Let w be q(15). Suppose 4*p + d = -3*d + w, -3*p = d - 382. Calculate the highest common divisor of p and 36.
18
Let f be 7*(-1 + -1 - -3). Let l(j) = -2*j**3 + 4*j**2 + 6*j + 8. Let y be l(f). Let n be (-4)/10*y/1. Calculate the highest common factor of 16 and n.
16
Let f = 2674 - 2250. Calculate the greatest common divisor of 16 and f.
8
Let w be ((-3)/2)/(1/(-2)). Suppose 0 = 2*z - 3*z - 4*v - 14, 4*z = 3*v + 39. Let u be (-1 - (-10)/z)*45. Calculate the greatest common divisor of u and w.
3
Suppose 9*c + 2*a = 4*c + 1, 2*c + 4*a = -6. Suppose 2*v + 6 = 0, -49*w + 54*w - 4*v - 17 = 0. Calculate the highest common divisor of c and w.
1
Let p = -12 - -20. Let m = 16 + -8. Suppose m*k - 410 = 166. Calculate the highest common divisor of p and k.
8
Let w = -94 + 93. Let p be 16 + w/(-3*1/12). What is the highest common divisor of 70 and p?
10
Let z be 24912/(-2595)*((-13)/2 - 1). Calculate the greatest common divisor of z and 156.
12
Suppose 1502 = -5*o + 1527. Let h(k) = k**3 + 6*k**2 + k + 8. Let u be h(-6). Suppose u*s + 25 = 7*s. What is the greatest common divisor of o and s?
5
Suppose -204 = 7*g - 11*g. Suppose 4*n = n + g. Suppose -1 + n = j. What is the highest common factor of 128 and j?
16
Let d be 0 + (2 - 75/5). Let v = -1 - d. What is the highest common factor of 108 and v?
12
Let g = -79 + 279. What is the greatest common divisor of 75 and g?
25
Suppose -828 - 516 = -12*i. Let u = 43 + -15. What is the greatest common divisor of i and u?
28
Let q = 57 + -80. Let m = -10 - q. What is the highest common factor of 13 and m?
13
Suppose f + 154 = -3*f - 2*t, 3*f = -4*t - 103. Let s = -71 + f. Let l be (-80)/s - 4/(-14). What is the highest common factor of l and 1?
1
Let o be -1*(6 + 180/(-4))/1. What is the highest common divisor of o and 1248?
39
Let o = -522 + 529. What is the greatest common divisor of o and 16?
1
Suppose 4*h = 4*o + 84, -o = -0*o - 3*h + 31. Let x(a) = -a**2 - 13*a + 13. Let i be x(-12). Let r = i + o. What is the highest common divisor of r and 45?
9
Let m = 261 - 142. What is the greatest common divisor of m and 51?
17
Suppose 2*y - y - 3*j = -8, -5*y + j + 16 = 0. Suppose 3*x + 132 = y*w, -2*w + 0*w = 5*x - 40. What is the greatest common divisor of 70 and w?
10
Suppose 3*y + y = -4*r + 44, -20 = -2*y - r. Suppose -5*v + 235 = 5*j, 3*v = -3*j + 5*j - 84. What is the greatest common divisor of j and y?
9
Let t = 186 - 153. What is the greatest common divisor of t and 22?
11
Let f be (19494/45)/((-9)/(-60)). Calculate the greatest common factor of 76 and f.
76
Suppose 4*y - 2*q = 170, -5*y + 28 + 162 = 2*q. Suppose 5*k - y = 160. What is the greatest common factor of 20 and k?
20
Suppose -7*g - 1701 = -34*g. Calculate the highest common factor of g and 168.
21
Let p be 102/3 + 6 + -7 + -3. What is the greatest common divisor of 580 and p?
10
Let n(w) = 14*w - 23. Let d(v) = -v + 2. Let k(u) = -6*d(u) - n(u). Let i be k(-1). Suppose p = 4*p - 171. What is the highest common factor of i and p?
19
Suppose 0 = 3*l + 5*q - 62, 8*q = 2*l + 7*q - 24. Let u(x) = -x**3 + 12*x**2 + 3*x. Let b be u(11). Calculate the highest common factor of l and b.
14
Suppose 0 = -i + 6*i - 105. Let x(l) = 4*l**3 - 5*l**2 + 15*l. Let h be x(2). Calculate the highest common factor of i and h.
21
Suppose 0 = 4*h + j + 4 - 3, 5*j + 5 = h. Suppose 5*m - 215 = 2*r, 3*m - 4*r - 115 = -h*m. Let o = 1 + 14. What is the greatest common divisor of o and m?
15
Suppose a + 18 = 4*g, -g - 4 = 3*a + a. Let h be (-4)/8 + 7/a. Let s(k) = k**3 + 5*k**2 - k - 4. Let j be s(h). What is the greatest common factor of j and 40?
8
Suppose -143*z + 2912 = -129*z. Suppose 0 = -k - 6 + 16. Suppose 0 = 5*j - k, -4*j = v - 8*j - 18. Calculate the highest common factor of z and v.
26
Suppose b + 8 = -j + 60, 0 = -b + 5*j + 46. Suppose 2*t = 159 + b. Let d be (238/(-21) - -11)*-63. What is the highest common divisor of t and d?
21
Let j(u) = 10*u + 102. Let o be j(-9). What is the greatest common divisor of 30 and o?
6
Let v be (-2 + 3)/(-3*4/(-264)). Let x = 32 - v. Calculate the highest common factor of 20 and x.
10
Suppose u - 6*u + 11 = -3*r, 3*r = -6. Let b be (-1)/(-2 - -3) + u. Suppose g - 6*g + 210 = b. Calculate the highest common divisor of 6 and g.
6
Let q be 15/25 + (-1704)/(-60). Calculate the highest common divisor of 841 and q.
29
Let y = 391 + -285. What is the highest common factor of 371 and y?
53
Let m(v) = -58*v - 22. Let p be m(3). Let g = p - -208. Suppose -229 = -3*a + 167. Calculate the highest common factor of a and g.
12
Suppose 0 = 5*i - 3*x - 50, -6*x + 4*x = -10. What is the highest common factor of i and 169?
13
Let a be 3 + (-3 - 0) - -3. Let r be ((-2)/(-6))/((-1)/a). Let n be 38/2 + 3 + r. Calculate the greatest common factor of 231 and n.
21
Let m(i) = 2*i**3 - 5*i**2 - 20*i - 25. Let s(n) = n**3 + 1. Let p(c) = m(c) - 3*s(c). Let l be p(-7). Calculate the greatest common factor of l and 14.
14
Let d(g) = 6 + g**2 - 4*g + g**2 + 7 - 2. Let p be d(6). Suppose -3*q = -4*z + p, q = 5*z - 2*q - 76. Calculate the greatest common divisor of z and 153.
17
Let i(j) = 4*j**2 + 2*j - 2. Let s(a) = -a**3 + a**2 + 5*a - 2. Let b be s(3). Let w be i(b). What is the greatest common divisor of 11 and w?
11
Let d be -1*2*6/(-4). Suppose 12 = -d*i, -4*j - 4*i = j - 39. What is the greatest common factor of j and 121?
11
Let f = 818 - 747. Calculate the highest common factor of 1 and f.
1
Let a = -92 + 153. What is the greatest common factor of 61 and a?
61
Let p(d) = -4*d + 44. Let v be p(8). Calculate the greatest common divisor of v and 672.
12
Suppose 0 = -4*l - l + 75. Suppose 4*t + l = -25. Let g be (-211)/(-5) + 2/t. Calculate the highest common factor of g and 63.
21
Suppose -54 = -4*n + 2*a, 10 = -0*a - 2*a. Let q = 217 - 140. Calculate the highest common factor of q and n.
11
Let s(n) = -2*n + 61. Let x be s(24). What is the highest common divisor of 4 and x?
1
Let i be -24 + 20 + 114 + 4/(-2). What is the greatest common factor of i and 828?
36
Let c = -306 - -394. Calculate the greatest common factor of 99 and c.
11
Suppose 3*p - 2*n - 546 = 0, -3*p - n + 717 = p. Suppose 2*y = 32*u - 30*u - 42, -4*y + 56 = 3*u. Calculate the highest common factor of p and u.
20
Let g(c) = c**2 - 3*c - 3. Let i be g(-3). Let a(d) = 660*d. Let j be a(1). Suppose -5*b + j = -b. Calculate the greatest common factor of i and b.
15
Let f = -4 - 21. Let m = -11 - f. Calculate the greatest common divisor of m and 56.
14
Suppose 9*q + q = 220. What is the greatest common factor of q and 110?
22
Let k(p) = 9*p - 120. Let i be k(25). Calculate the greatest common divisor of 84 and i.
21
Suppose 4*z + 10*a - 8*a - 10 = 0, 5*z = 5*a + 35. Suppose 3*h + z*i - 7*i = 48, 5*h + i - 98 = 0. Calculate the highest common factor of h and 19.
19
Let p(o) = 5*o**2 + 9*o + 1. Let r be p(4). Calculate the greatest common divisor of r and 26.
13
Suppose 111*p - 882 = 104*p. What is the highest common divisor of p and 14?
14
Let j(r) = r + 8. Let f be j(-4). Suppose -4*z = 3*u - 70, u + 3*z = -f*u + 102. Suppose -188*n + 936 = -110*n. What is the greatest common divisor of n and u?
6
Let j = 20 + -15. Suppose -77 = -b - j. What is the greatest common factor of 180 and b?
36
Suppose -3*v = -2*x + 624 + 150, 0 = 4*v. What is the highest common factor of 43 and x?
43
Let h = -651 + 1083. What is the greatest common divisor of 27 and h?
27
Let c = 0 - -2. What is the greatest common divisor of c and 3?
1
Suppose 0 = 3*q - 5*t - 115, -14*t + 16*t + 78 = 2*q. What is the greatest common factor of 5 and q?
5
Suppose 3*h = 5*h + a - 19, -4*a = -4*h + 68. Suppose 11*i = 10*i + 99. Let z = i + -51. Calculate the highest common divisor of h and z.
12
Let i be (3 + (-22)/4)*(-11 - -1)